 of 799495559?
799495559
List the prime factors of 4640148265.
5, 928029653
What are the prime factors of 78905325?
3, 5, 431, 2441
What are the prime factors of 474020813?
7, 61, 569, 1951
List the prime factors of 1022814965.
5, 67, 157, 19447
What are the prime factors of 238909811?
7, 34129973
What are the prime factors of 8341711455?
3, 5, 7, 11, 19, 89, 4271
List the prime factors of 751737649.
13, 1117, 51769
List the prime factors of 122142489.
3, 7, 23, 43, 5881
List the prime factors of 326710323.
3, 36301147
List the prime factors of 263564983.
11, 2178223
What are the prime factors of 1374270064?
2, 85891879
What are the prime factors of 55466706?
2, 3, 9244451
What are the prime factors of 4466606583?
3, 19, 78361519
List the prime factors of 80601553.
19, 223273
List the prime factors of 78666996.
2, 3, 229, 28627
What are the prime factors of 1968383918?
2, 307, 3205837
List the prime factors of 383619402.
2, 3, 929, 2549
List the prime factors of 180477246.
2, 3, 30079541
List the prime factors of 377617292.
2, 13, 7261871
List the prime factors of 2819842001.
4663, 604727
List the prime factors of 28414660.
2, 5, 23, 223, 277
List the prime factors of 169062599.
1873, 90263
List the prime factors of 3118399048.
2, 7459, 52259
List the prime factors of 991192049.
2843, 348643
List the prime factors of 350859301.
13, 19, 1420483
List the prime factors of 192745773.
3, 11, 23, 84649
What are the prime factors of 297534364?
2, 74383591
What are the prime factors of 558194690?
2, 5, 569, 98101
What are the prime factors of 85871739?
3, 89, 321617
What are the prime factors of 2201306671?
383, 5747537
List the prime factors of 3460430135.
5, 41, 311, 54277
What are the prime factors of 518120132?
2, 9931, 13043
List the prime factors of 1603028939.
1603028939
List the prime factors of 422572437.
3, 7, 61, 36653
List the prime factors of 2078179500.
2, 3, 5, 103, 13451
List the prime factors of 14023988.
2, 11, 139, 2293
What are the prime factors of 31337860?
2, 5, 1566893
List the prime factors of 4986953877.
3, 71, 577, 40577
What are the prime factors of 457970688?
2, 3, 7, 31, 229
What are the prime factors of 873036627?
3, 101, 383, 7523
What are the prime factors of 1211695235?
5, 242339047
List the prime factors of 53712269.
13, 61, 67733
What are the prime factors of 219981901?
7919, 27779
What are the prime factors of 421369601?
103, 4090967
List the prime factors of 2928003651.
3, 325333739
List the prime factors of 6607427.
179, 36913
What are the prime factors of 708697829?
7, 14463221
List the prime factors of 551803634.
2, 113, 281, 8689
List the prime factors of 240638805.
3, 5, 11, 486139
What are the prime factors of 4687647631?
4687647631
What are the prime factors of 47517388?
2, 11879347
List the prime factors of 606288.
2, 3, 17, 743
What are the prime factors of 41858287?
53, 409, 1931
What are the prime factors of 4539693002?
2, 13, 29, 443, 13591
List the prime factors of 68437202.
2, 19, 1800979
What are the prime factors of 92380822?
2, 17, 283, 9601
List the prime factors of 386899329.
3, 41, 1123, 2801
What are the prime factors of 23139933?
3, 47, 164113
What are the prime factors of 2994191?
19, 59, 2671
What are the prime factors of 33210390?
2, 3, 5, 23, 48131
List the prime factors of 201456251.
173, 271, 4297
What are the prime factors of 455239?
23, 19793
What are the prime factors of 623352082?
2, 14683, 21227
What are the prime factors of 1096435073?
1096435073
What are the prime factors of 117553490?
2, 5, 11755349
What are the prime factors of 162744375?
3, 5, 29, 41, 73
What are the prime factors of 292397327?
19, 103, 149411
List the prime factors of 1091975656.
2, 1447, 94331
What are the prime factors of 1568210416?
2, 587, 166973
What are the prime factors of 2764525770?
2, 3, 5, 281, 109313
What are the prime factors of 260093194?
2, 130046597
List the prime factors of 1228079355.
3, 5, 41, 43, 46439
What are the prime factors of 1991300148?
2, 3, 5987, 9239
What are the prime factors of 832913424?
2, 3, 7, 826303
List the prime factors of 117401199.
3, 39133733
What are the prime factors of 94886381?
31, 103, 29717
List the prime factors of 629707913.
629707913
What are the prime factors of 95456578?
2, 7, 23, 521, 569
What are the prime factors of 1179423619?
11, 277, 387077
List the prime factors of 1990153185.
3, 5, 132676879
What are the prime factors of 72863265?
3, 5, 4857551
List the prime factors of 2980118.
2, 1490059
List the prime factors of 6513785.
5, 1302757
List the prime factors of 226549055.
5, 17, 89, 29947
List the prime factors of 303696871.
303696871
What are the prime factors of 37193740?
2, 5, 1859687
What are the prime factors of 190334611?
163, 1167697
List the prime factors of 82475423.
113, 729871
What are the prime factors of 493300937?
337, 733, 1997
What are the prime factors of 706436663?
19, 1621, 22937
List the prime factors of 33007663.
13, 37, 163, 421
List the prime factors of 176278109.
7, 25182587
What are the prime factors of 465201453?
3, 19, 8161429
What are the prime factors of 239668837?
173, 1385369
List the prime factors of 856041339.
3, 285347113
List the prime factors of 41716321.
43, 970147
List the prime factors of 1792329520.
2, 5, 22404119
List the prime factors of 2240402445.
3, 5, 1831, 27191
List the prime factors of 3213772877.
7, 459110411
List the prime factors of 110675800.
2, 5, 101, 5479
List the prime factors of 1030490919.
3, 23, 4978217
List the prime factors of 1549199155.
5, 7, 23, 619, 3109
What are the prime factors of 154583626?
2, 149, 518737
List the prime factors of 138050295.
3, 5, 19, 29, 16703
List the prime factors of 2282562524.
2, 11, 1129, 45949
What are the prime factors of 3652844208?
2, 3, 13, 5853917
List the prime factors of 66270162.
2, 3, 7, 29, 54409
What are the prime factors of 98932627?
3359, 29453
What are the prime factors of 67284466?
2, 29, 1160077
List the prime factors of 1470549704.
2, 13, 181, 78121
List the prime factors of 185012876.
2, 37, 1250087
List the prime factors of 123525771.
3, 409, 100673
What are the prime factors of 612548298?
2, 3, 631, 17977
List the prime factors of 3114081254.
2, 31, 1627, 30871
What are the prime factors of 2339852305?
5, 7, 881, 75883
What are the prime factors of 4685940854?
2, 7, 19, 101, 24917
List the prime factors of 272273255.
5, 971, 56081
List the prime factors of 51542951.
103, 500417
What are the prime factors of 47050295?
5, 23, 89, 4597
What are the prime factors of 15798970?
2, 5, 11, 1187
List the prime factors of 1266741597.
3, 11, 67, 572927
What are the prime factors of 1069791726?
2, 3, 178298621
What are the prime factors of 36007636?
2, 7, 157, 8191
List the prime factors of 36931789.
79, 467491
List the prime factors of 437868129.
3, 19, 29, 264893
What are the prime factors of 269907992?
2, 331, 101929
List the prime factors of 18467891.
13, 1420607
What are the prime factors of 2461783916?
2, 4871, 126349
What are the prime factors of 1020737283?
3, 340245761
What are the prime factors of 162962320?
2, 5, 2037029
What are the prime factors of 375980257?
375980257
What are the prime factors of 2346280117?
23, 102012179
List the prime factors of 109244883.
3, 11, 3310451
List the prime factors of 170125829.
19, 313, 28607
List the prime factors of 18796502.
2, 9398251
List the prime factors of 614302031.
7, 191, 459463
What are the prime factors of 17510206?
2, 7, 103, 12143
What are the prime factors of 112779246?
2, 3, 18796541
List the prime factors of 443726653.
31, 53, 270071
What are the prime factors of 302869940?
2, 5, 15143497
What are the prime factors of 201318437?
17, 47, 197, 1279
List the prime factors of 125877833.
125877833
List the prime factors of 1068410908.
2, 31, 8616217
What are the prime factors of 444176221?
17, 479, 54547
What are the prime factors of 11965689?
3, 37, 35933
List the prime factors of 13011265.
5, 317, 8209
List the prime factors of 35243926.
2, 17621963
List the prime factors of 412425787.
613, 672799
What are the prime factors of 400045558?
2, 11, 83, 219083
What are the prime factors of 114827113?
114827113
List the prime factors of 147116332.
2, 11, 3343553
List the prime factors of 420